2120310
In base 14, what is -36961b61 + 3?
-36961b5c
In base 2, what is 100000100011001 - 1011001?
100000011000000
In base 3, what is -101202 + 1220110201?
1220001222
In base 7, what is 5 + 2122266102?
2122266110
In base 4, what is -103112332312 - 1?
-103112332313
In base 10, what is -674094629 + -1?
-674094630
In base 9, what is 21815 - -176540?
208455
In base 15, what is -247 - 4b19e?
-4b3e6
In base 14, what is 0 + -4339bd?
-4339bd
In base 16, what is 1b42 - -275?
1db7
In base 12, what is 277b7 + 326?
27b21
In base 14, what is -2a5926 + 1?
-2a5925
In base 4, what is -321331022 - -10023?
-321320333
In base 7, what is 222 + -10601626?
-10601404
In base 7, what is 14665 - 350221?
-332223
In base 9, what is -1 - -7022866?
7022865
In base 16, what is -245b73 - -d?
-245b66
In base 8, what is 3577 - -11716?
15515
In base 2, what is 110001110111100 + -1111101100?
101111111010000
In base 7, what is 43254041 + 1?
43254042
In base 4, what is -312323 - 31002013?
-31321002
In base 5, what is 414022 + -1414123?
-1000101
In base 7, what is -425526445 + -5?
-425526453
In base 9, what is 252425 - 525?
251800
In base 4, what is 32221023232 + -2212?
32221021020
In base 7, what is -24611 - 1142516?
-1200430
In base 11, what is 5 - -7517090a?
75170914
In base 3, what is -111021022212210 + -100?
-111021022220010
In base 15, what is -15ee8e + 2?
-15ee8c
In base 14, what is 0 - -7bab22d?
7bab22d
In base 12, what is aa3 + -2a2?
801
In base 5, what is 24120 - 2121002?
-2041332
In base 7, what is 30 + 1325441?
1325501
In base 13, what is 917a8 + -1?
917a7
In base 7, what is 433343 + -24?
433316
In base 8, what is -513036 - 64?
-513122
In base 8, what is 2576674 - 2?
2576672
In base 5, what is 32424232233 - 4?
32424232224
In base 8, what is -11774136 - 14?
-11774152
In base 8, what is -130 + -10752171?
-10752321
In base 12, what is -1 - 1502076?
-1502077
In base 2, what is 110011100100 + 10001001011010101?
10001111110111001
In base 2, what is -11 + -1111010110110111100110110?
-1111010110110111100111001
In base 16, what is 4 + 21ff2b?
21ff2f
In base 2, what is 1001110011100 - -10010000100010100?
10011010010110000
In base 3, what is -2002020021 + 12101?
-2002000220
In base 12, what is 2b5571 - 26?
2b5547
In base 3, what is 11122222 + 201220212?
220120211
In base 9, what is 2 + -106451112?
-106451110
In base 10, what is 109573 - -1461?
111034
In base 2, what is -10110111100101110101010000 + -11011?
-10110111100101110101101011
In base 13, what is -2072 + 2408b?
22019
In base 2, what is 1111100110001110110111111100 - -100?
1111100110001110111000000000
In base 9, what is -413 - -3261135?
3260622
In base 12, what is -96 - 14311?
-143a7
In base 7, what is -5 - 51600534?
-51600542
In base 8, what is 1670715 + -236?
1670457
In base 16, what is -893eac + -1a?
-893ec6
In base 6, what is 2531541 + -2?
2531535
In base 6, what is 44005 + -12114?
31451
In base 15, what is 7 - -b150db4?
b150dbb
In base 7, what is 20361 - 200222?
-146531
In base 16, what is -f01 + -5403?
-6304
In base 7, what is -136 - -1334325?
1334156
In base 3, what is -2011201 - 21100212221?
-21110001122
In base 11, what is -1a796 - 514?
-201aa
In base 10, what is -546 - 773?
-1319
In base 5, what is -2 + -3404412210?
-3404412212
In base 9, what is -55323183 + -30?
-55323223
In base 4, what is 12 - 3003012032?
-3003012020
In base 4, what is 203232301231 + 2?
203232301233
In base 7, what is 5 - 2231503564?
-2231503556
In base 13, what is 4 + -198b52c8?
-198b52c4
In base 12, what is -a873a + -1341?
-a9a7b
In base 2, what is -1 + -10111001001110000011111011?
-10111001001110000011111100
In base 16, what is -58e - -13df4?
13866
In base 11, what is -10a98610a + 3?
-10a986107
In base 13, what is 470a8 + 3?
470ab
In base 2, what is -10001010010011101 + 10000011110?
-10001000001111111
In base 8, what is 721 - -2644623?
2645544
In base 5, what is -1 + -1032031210?
-1032031211
In base 13, what is -3a + -63a42?
-63a7c
In base 15, what is -4e6 + 10d55?
1085e
In base 2, what is -110010000011011 + -1011110001000?
-111101110100011
In base 16, what is -1cf8 - 3292?
-4f8a
In base 16, what is -2699 + -851?
-2eea
In base 16, what is -2287 + -8?
-228f
In base 16, what is -8 - -691fc6?
691fbe
In base 9, what is -5 - 207650240?
-207650245
In base 8, what is -1 - 31103444?
-31103445
In base 15, what is -c - 86399?
-863a6
In base 12, what is ba4 - -1474?
2458
In base 13, what is 1217b - -435?
125b3
In base 5, what is 10100 - 14424233?
-14414133
In base 7, what is -156620205 - -3?
-156620202
In base 8, what is 36265 + -4?
36261
In base 8, what is -21 - 62365531?
-62365552
In base 10, what is -4057579 - 136?
-4057715
In base 16, what is 16 - -786f?
7885
In base 11, what is -1010a890 + -11?
-1010a8a1
In base 5, what is 11413112 - 2211?
11410401
In base 9, what is 2080142 + 466?
2080618
In base 9, what is -7771 + -1766?
-10647
In base 5, what is 11443010103 + -1?
11443010102
In base 3, what is -10221120201012120 + -10?
-10221120201012200
In base 8, what is -22 - -50246130?
50246106
In base 9, what is 1272 + 40382?
41664
In base 14, what is -1732aa - 4?
-1732b0
In base 15, what is -132 - e7d54?
-e7e86
In base 6, what is 12105335234 - 0?
12105335234
In base 14, what is -2b - c85d0?
-c861b
In base 14, what is -7 - 25200a3?
-25200aa
In base 9, what is -2740 + -214270?
-217120
In base 9, what is -11772 - 107846?
-120728
In base 8, what is 2007171 + 1405?
2010576
In base 13, what is -2 - -18a3bb?
18a3b9
In base 6, what is 32300 - 3221?
25035
In base 8, what is 20 - 10665523?
-10665503
In base 14, what is -4 + 3b35120?
3b3511a
In base 13, what is -829192 + 2?
-829190
In base 2, what is -10000110101110001000110 + 100000?
-10000110101110000100110
In base 15, what is 127d - 1548?
-2ba
In base 16, what is -22c1949 + -8?
-22c1951
In base 13, what is -5b1 + 9634?
9053
In base 10, what is 49708 - 873?
48835
In base 8, what is -3 - -16072163?
16072160
In base 11, what is -5 + -1114658?
-1114662
In base 3, what is -1 + -2211212012200?
-2211212012201
In base 13, what is b + -1c098a?
-1c097c
In base 2, what is -11010 - 100001000000100111?
-100001000001000001
In base 2, what is -1011100111111101111110101 + 101?
-1011100111111101111110000
In base 6, what is 122150315 + 4?
122150323
In base 7, what is 0 + 2543350032?
2543350032
In base 13, what is -2674 - 7240?
-98b4
In base 9, what is -201432 + -15?
-201447
In base 7, what is -346542 + 1026?
-345513
In base 4, what is -300002 + 100003100?
33103032
In base 5, what is 31204 - 1403401?
-1322142
In base 4, what is 121123 + 23020030?
23201213
In base 16, what is 1b2 + -799c?
-77ea
In base 12, what is -2 - -216a292?
216a290
In base 14, what is 1 + d1636c7?
d1636c8
In base 13, what is -5087 - -a2a6?
521c
In base 15, what is 2155 + -13b7?
c8d
In base 6, what is -433120 - -1515?
-431201
In base 8, what is -3 - 34227261?
-34227264
In base 3, what is 2020012020 - -220102?
2021002122
In base 10, what is 7499 - 1085?
6414
In base 12, what is -3856948 + 4?
-3856944
In base 3, what is -2101 - 10101201001?
-10101210102
In base 4, what is -3212203210 + 2030?
-3212201120
In base 14, what is -21ba2 + -11?
-21bb3
In base 9, what is 0 + 21528767?
21528767
In base 14, what is -85843418 + 3?
-85843415
In base 8, what is 1 - 270745552?
-270745551
In base 12, what is 4 + 19246855?
19246859
In base 2, what is 10111000101100110 + -1011000?
10111000100001110
In base 8, what is 21030265 - 15?
21030250
In base 3, what is 120200 - -11112200?
12010100
In base 14, what is 9db9862 + 6?
9db9868
In base 7, what is 5 - 114340631?
-114340623
In base 11, what is -1a0 - -6009a?
5a9aa
In base 16, what is 3 + -502c96e?
-502c96b
In base 16, what is -430 + 139a?
f6a
In base 9, what is -27845 + -4080?
-33035
In base 16, what is -2661 + 16d2?
-f8f
In base 2, what is 100111100111111 + -10111001101?
100100101110010
In base 7, what is 3 + 440522533?
440522536
In base 9, what is 121467140 + -11?
121467128
In base 3, what is -1 + -11100020201201?
-11100020201202
In base 11, what is -3 + 216389a?
2163897
In base 6, what is 53 - 13310111?
-13310014
In base 2, what is 1000000000110 + -10110011110?
101001101000
In base 7, what is -210 - 14124611?
-14125121
In base 6, what is 3230235212 + -1?
3230235211
In base 10, what is -207183751 + -6?
-207183757
In base 4, wh